{"id":417,"date":"2026-02-06T00:04:18","date_gmt":"2026-02-06T00:04:18","guid":{"rendered":"https:\/\/lolaclemente.fpcei.eu\/?page_id=417"},"modified":"2026-02-07T23:26:14","modified_gmt":"2026-02-07T23:26:14","slug":"habitaciones-glam","status":"publish","type":"page","link":"https:\/\/lolaclemente.fpcei.eu\/?page_id=417","title":{"rendered":"HABITACIONES GLAM"},"content":{"rendered":"\n<div class=\"wp-block-cover alignfull has-custom-content-position is-position-bottom-center\" style=\"margin-top:0;margin-bottom:0;padding-top:var(--wp--preset--spacing--50);padding-right:var(--wp--preset--spacing--50);padding-bottom:var(--wp--preset--spacing--50);padding-left:var(--wp--preset--spacing--50);min-height:840px;aspect-ratio:unset;\"><img loading=\"lazy\" decoding=\"async\" width=\"736\" height=\"1104\" class=\"wp-block-cover__image-background wp-image-418 size-full\" alt=\"\" src=\"https:\/\/lolaclemente.fpcei.eu\/wp-content\/uploads\/2026\/02\/descargar-77-1.jpg\" data-object-fit=\"cover\" srcset=\"https:\/\/lolaclemente.fpcei.eu\/wp-content\/uploads\/2026\/02\/descargar-77-1.jpg 736w, https:\/\/lolaclemente.fpcei.eu\/wp-content\/uploads\/2026\/02\/descargar-77-1-200x300.jpg 200w, https:\/\/lolaclemente.fpcei.eu\/wp-content\/uploads\/2026\/02\/descargar-77-1-683x1024.jpg 683w\" sizes=\"auto, (max-width: 736px) 100vw, 736px\" \/><span aria-hidden=\"true\" class=\"wp-block-cover__background has-background-dim-10 has-background-dim\" style=\"background-color:#715b47\"><\/span><div class=\"wp-block-cover__inner-container has-global-padding is-layout-constrained wp-container-core-cover-is-layout-d89aad35 wp-block-cover-is-layout-constrained\">\n<div class=\"wp-block-group alignwide has-global-padding is-content-justification-left is-layout-constrained wp-container-core-group-is-layout-12dd3699 wp-block-group-is-layout-constrained\">\n<p><\/p>\n\n\n\n<p>Las habitaciones GLAM se caracterizan por su elegancia sofisticada y su fuerte identidad visual. Este estilo combina lujo y modernidad a trav\u00e9s de l\u00edneas geom\u00e9tricas, simetr\u00eda y una sensaci\u00f3n de orden refinado. Los espacios transmiten glamour y car\u00e1cter, creando ambientes distintivos donde cada elemento est\u00e1 pensado para aportar estilo, equilibrio y una est\u00e9tica atemporal inspirada en el dise\u00f1o de principios del siglo XX.<\/p>\n<\/div>\n<\/div><\/div>\n\n\n\n<div class=\"wp-block-group alignfull is-style-section-5 has-global-padding is-layout-constrained wp-block-group-is-layout-constrained is-style-section-5--1\" style=\"margin-top:0;margin-bottom:0;padding-top:var(--wp--preset--spacing--50);padding-bottom:var(--wp--preset--spacing--50)\">\n<div class=\"wp-block-columns alignwide is-layout-flex wp-container-core-columns-is-layout-7ee84d44 wp-block-columns-is-layout-flex\">\n<div class=\"wp-block-column is-vertically-aligned-center is-layout-flow wp-block-column-is-layout-flow\" style=\"flex-basis:50%\">\n<h2 class=\"wp-block-heading\">MUEBLES<\/h2>\n\n\n\n<p class=\"has-medium-font-size\">Los muebles de las habitaciones GLAM destacan por su elegancia, geometr\u00eda y lujo sutil. Piezas de l\u00edneas rectas y sim\u00e9tricas, como camas con cabeceros lacados, c\u00f3modas con detalles met\u00e1licos y mesas de noche estilizadas, combinan funcionalidad y est\u00e9tica. Los materiales son de alta calidad, incluyendo maderas pulidas, metales brillantes y lacados, creando un ambiente sofisticado y equilibrado. Cada mueble se integra al conjunto de la habitaci\u00f3n, reforzando la sensaci\u00f3n de glamour y el car\u00e1cter distintivo del estilo GLAM.<\/p>\n<\/div>\n\n\n\n<div class=\"wp-block-column is-vertically-aligned-center is-layout-flow wp-block-column-is-layout-flow\" style=\"flex-basis:50%\">\n<figure class=\"wp-block-image size-full\"><img loading=\"lazy\" decoding=\"async\" width=\"736\" height=\"1104\" src=\"https:\/\/lolaclemente.fpcei.eu\/wp-content\/uploads\/2026\/02\/Is-Art-Deco-Back_-Top-Inspirations-to-See-Why-_-VIVA.jpg\" alt=\"\" class=\"wp-image-419\" style=\"aspect-ratio:1;object-fit:cover\" srcset=\"https:\/\/lolaclemente.fpcei.eu\/wp-content\/uploads\/2026\/02\/Is-Art-Deco-Back_-Top-Inspirations-to-See-Why-_-VIVA.jpg 736w, https:\/\/lolaclemente.fpcei.eu\/wp-content\/uploads\/2026\/02\/Is-Art-Deco-Back_-Top-Inspirations-to-See-Why-_-VIVA-200x300.jpg 200w, https:\/\/lolaclemente.fpcei.eu\/wp-content\/uploads\/2026\/02\/Is-Art-Deco-Back_-Top-Inspirations-to-See-Why-_-VIVA-683x1024.jpg 683w\" sizes=\"auto, (max-width: 736px) 100vw, 736px\" \/><\/figure>\n<\/div>\n<\/div>\n<\/div>\n\n\n\n<div class=\"wp-block-columns alignwide is-layout-flex wp-container-core-columns-is-layout-28f84493 wp-block-columns-is-layout-flex\">\n<div class=\"wp-block-column is-layout-flow wp-block-column-is-layout-flow\">\n<div class=\"wp-block-group is-vertical is-content-justification-left is-layout-flex wp-container-core-group-is-layout-dd225191 wp-block-group-is-layout-flex\">\n<h2 class=\"wp-block-heading is-style-text-annotation is-style-text-annotation--2\">PALETA DE COLOR<\/h2>\n\n\n\n<p class=\"is-style-text-subtitle is-style-text-subtitle--3\">La paleta de colores de las habitaciones GLAM combina tonos elegantes y sofisticados con acentos que aportan lujo y dramatismo. Predominan colores profundos como negro, gris, azul marino y verde esmeralda, que se equilibran con matices met\u00e1licos en dorado, plata o bronce. Tambi\u00e9n se incorporan tonos neutros como blanco, crema o beige para suavizar el contraste y aportar luminosidad. Esta combinaci\u00f3n crea un ambiente refinado, glamuroso y atemporal, caracter\u00edstico del estilo GLAM.<\/p>\n\n\n\n<div class=\"wp-block-columns is-layout-flex wp-container-core-columns-is-layout-28f84493 wp-block-columns-is-layout-flex\">\n<div class=\"wp-block-column is-layout-flow wp-block-column-is-layout-flow\">\n<figure class=\"wp-block-image size-full\"><img loading=\"lazy\" decoding=\"async\" width=\"230\" height=\"230\" src=\"http:\/\/lolaclemente.fpcei.eu\/wp-content\/uploads\/2026\/02\/Emerald-Green-5x7-Cardstock-for-Invitations-1.jpg\" alt=\"\" class=\"wp-image-336\" srcset=\"https:\/\/lolaclemente.fpcei.eu\/wp-content\/uploads\/2026\/02\/Emerald-Green-5x7-Cardstock-for-Invitations-1.jpg 230w, https:\/\/lolaclemente.fpcei.eu\/wp-content\/uploads\/2026\/02\/Emerald-Green-5x7-Cardstock-for-Invitations-1-150x150.jpg 150w\" sizes=\"auto, (max-width: 230px) 100vw, 230px\" \/><\/figure>\n<\/div>\n\n\n\n<div class=\"wp-block-column is-layout-flow wp-block-column-is-layout-flow\">\n<figure class=\"wp-block-image size-full\"><img loading=\"lazy\" decoding=\"async\" width=\"300\" height=\"240\" src=\"http:\/\/lolaclemente.fpcei.eu\/wp-content\/uploads\/2026\/02\/Tru-Color-20-Standard-Deck-Black-1oz-4.jpg\" alt=\"\" class=\"wp-image-193\"\/><\/figure>\n<\/div>\n\n\n\n<div class=\"wp-block-column is-layout-flow wp-block-column-is-layout-flow\">\n<figure class=\"wp-block-image size-full\"><img loading=\"lazy\" decoding=\"async\" width=\"616\" height=\"616\" src=\"http:\/\/lolaclemente.fpcei.eu\/wp-content\/uploads\/2026\/02\/Most-detailed-Hubble-image-ever-captures-265000-galaxies-across-the-cosmos-1.jpg\" alt=\"\" class=\"wp-image-291\" srcset=\"https:\/\/lolaclemente.fpcei.eu\/wp-content\/uploads\/2026\/02\/Most-detailed-Hubble-image-ever-captures-265000-galaxies-across-the-cosmos-1.jpg 616w, https:\/\/lolaclemente.fpcei.eu\/wp-content\/uploads\/2026\/02\/Most-detailed-Hubble-image-ever-captures-265000-galaxies-across-the-cosmos-1-300x300.jpg 300w, https:\/\/lolaclemente.fpcei.eu\/wp-content\/uploads\/2026\/02\/Most-detailed-Hubble-image-ever-captures-265000-galaxies-across-the-cosmos-1-150x150.jpg 150w\" sizes=\"auto, (max-width: 616px) 100vw, 616px\" \/><\/figure>\n<\/div>\n<\/div>\n<\/div>\n\n\n\n<figure class=\"wp-block-image size-full\"><img loading=\"lazy\" decoding=\"async\" width=\"736\" height=\"736\" src=\"https:\/\/lolaclemente.fpcei.eu\/wp-content\/uploads\/2026\/02\/Modern-Art-Deco-Bedroom-with-Retro-Flair.jpg\" alt=\"\" class=\"wp-image-420\" style=\"aspect-ratio:16\/9;object-fit:cover\" srcset=\"https:\/\/lolaclemente.fpcei.eu\/wp-content\/uploads\/2026\/02\/Modern-Art-Deco-Bedroom-with-Retro-Flair.jpg 736w, https:\/\/lolaclemente.fpcei.eu\/wp-content\/uploads\/2026\/02\/Modern-Art-Deco-Bedroom-with-Retro-Flair-300x300.jpg 300w, https:\/\/lolaclemente.fpcei.eu\/wp-content\/uploads\/2026\/02\/Modern-Art-Deco-Bedroom-with-Retro-Flair-150x150.jpg 150w\" sizes=\"auto, (max-width: 736px) 100vw, 736px\" \/><\/figure>\n<\/div>\n\n\n\n<div class=\"wp-block-column is-layout-flow wp-block-column-is-layout-flow\">\n<figure class=\"wp-block-image aligncenter size-full is-resized wp-container-content-69bc4bdf\"><img loading=\"lazy\" decoding=\"async\" width=\"1200\" height=\"1432\" src=\"https:\/\/lolaclemente.fpcei.eu\/wp-content\/uploads\/2026\/02\/2e7b7dc641fca9b781535372767863d5.jpg\" alt=\"\" class=\"wp-image-421\" style=\"aspect-ratio:0.75;object-fit:cover;width:559px;height:auto\" srcset=\"https:\/\/lolaclemente.fpcei.eu\/wp-content\/uploads\/2026\/02\/2e7b7dc641fca9b781535372767863d5.jpg 1200w, https:\/\/lolaclemente.fpcei.eu\/wp-content\/uploads\/2026\/02\/2e7b7dc641fca9b781535372767863d5-251x300.jpg 251w, https:\/\/lolaclemente.fpcei.eu\/wp-content\/uploads\/2026\/02\/2e7b7dc641fca9b781535372767863d5-858x1024.jpg 858w, https:\/\/lolaclemente.fpcei.eu\/wp-content\/uploads\/2026\/02\/2e7b7dc641fca9b781535372767863d5-768x916.jpg 768w\" sizes=\"auto, (max-width: 1200px) 100vw, 1200px\" \/><\/figure>\n<\/div>\n<\/div>\n","protected":false},"excerpt":{"rendered":"<p>MUEBLES Los muebles de las habitaciones GLAM destacan por su elegancia, geometr\u00eda y lujo sutil. Piezas de l\u00edneas rectas y sim\u00e9tricas, como camas con cabeceros lacados, c\u00f3modas con detalles met\u00e1licos y mesas de noche estilizadas, combinan funcionalidad y est\u00e9tica. Los materiales son de alta calidad, incluyendo maderas pulidas, metales brillantes y lacados, creando un ambiente [&hellip;]<\/p>\n","protected":false},"author":2,"featured_media":0,"parent":0,"menu_order":0,"comment_status":"closed","ping_status":"closed","template":"","meta":{"footnotes":""},"class_list":["post-417","page","type-page","status-publish","hentry"],"_links":{"self":[{"href":"https:\/\/lolaclemente.fpcei.eu\/index.php?rest_route=\/wp\/v2\/pages\/417","targetHints":{"allow":["GET"]}}],"collection":[{"href":"https:\/\/lolaclemente.fpcei.eu\/index.php?rest_route=\/wp\/v2\/pages"}],"about":[{"href":"https:\/\/lolaclemente.fpcei.eu\/index.php?rest_route=\/wp\/v2\/types\/page"}],"author":[{"embeddable":true,"href":"https:\/\/lolaclemente.fpcei.eu\/index.php?rest_route=\/wp\/v2\/users\/2"}],"replies":[{"embeddable":true,"href":"https:\/\/lolaclemente.fpcei.eu\/index.php?rest_route=%2Fwp%2Fv2%2Fcomments&post=417"}],"version-history":[{"count":4,"href":"https:\/\/lolaclemente.fpcei.eu\/index.php?rest_route=\/wp\/v2\/pages\/417\/revisions"}],"predecessor-version":[{"id":468,"href":"https:\/\/lolaclemente.fpcei.eu\/index.php?rest_route=\/wp\/v2\/pages\/417\/revisions\/468"}],"wp:attachment":[{"href":"https:\/\/lolaclemente.fpcei.eu\/index.php?rest_route=%2Fwp%2Fv2%2Fmedia&parent=417"}],"curies":[{"name":"wp","href":"https:\/\/api.w.org\/{rel}","templated":true}]}}