{"id":95,"date":"2026-02-04T21:41:54","date_gmt":"2026-02-04T21:41:54","guid":{"rendered":"https:\/\/lolaclemente.fpcei.eu\/?page_id=95"},"modified":"2026-02-06T00:31:52","modified_gmt":"2026-02-06T00:31:52","slug":"iluminacion","status":"publish","type":"page","link":"https:\/\/lolaclemente.fpcei.eu\/?page_id=95","title":{"rendered":"Iluminacion"},"content":{"rendered":"\n<div class=\"wp-block-cover alignfull has-custom-content-position is-position-bottom-center\" style=\"margin-top:0;margin-bottom:0;padding-top:var(--wp--preset--spacing--50);padding-right:var(--wp--preset--spacing--50);padding-bottom:var(--wp--preset--spacing--50);padding-left:var(--wp--preset--spacing--50);min-height:840px;aspect-ratio:unset;\"><img loading=\"lazy\" decoding=\"async\" width=\"683\" height=\"1024\" class=\"wp-block-cover__image-background wp-image-96 size-large\" alt=\"\" src=\"https:\/\/lolaclemente.fpcei.eu\/wp-content\/uploads\/2026\/02\/Lumiere-tamisee-pour-un-couloir-cosy-683x1024.jpg\" data-object-fit=\"cover\" srcset=\"https:\/\/lolaclemente.fpcei.eu\/wp-content\/uploads\/2026\/02\/Lumiere-tamisee-pour-un-couloir-cosy-683x1024.jpg 683w, https:\/\/lolaclemente.fpcei.eu\/wp-content\/uploads\/2026\/02\/Lumiere-tamisee-pour-un-couloir-cosy-200x300.jpg 200w, https:\/\/lolaclemente.fpcei.eu\/wp-content\/uploads\/2026\/02\/Lumiere-tamisee-pour-un-couloir-cosy.jpg 736w\" sizes=\"auto, (max-width: 683px) 100vw, 683px\" \/><span aria-hidden=\"true\" class=\"wp-block-cover__background has-background-dim-10 has-background-dim\" style=\"background-color:#775940\"><\/span><div class=\"wp-block-cover__inner-container has-global-padding is-layout-constrained wp-container-core-cover-is-layout-d89aad35 wp-block-cover-is-layout-constrained\">\n<div class=\"wp-block-group alignwide has-global-padding is-content-justification-left is-layout-constrained wp-container-core-group-is-layout-12dd3699 wp-block-group-is-layout-constrained\">\n<h2 class=\"wp-block-heading has-text-align-left has-xx-large-font-size\">Iluminacion interior<\/h2>\n\n\n\n<p>La iluminaci\u00f3n es un elemento fundamental en el dise\u00f1o de interiores, ya que influye de manera directa tanto en la funcionalidad del espacio como en la percepci\u00f3n est\u00e9tica y emocional del mismo. Una iluminaci\u00f3n bien planificada permite realzar la arquitectura, destacar materiales y crear atm\u00f3sferas acordes al uso y car\u00e1cter de cada estancia.<\/p>\n<\/div>\n<\/div><\/div>\n\n\n\n<h2 class=\"wp-block-heading alignwide has-text-align-center\">TIPOS DE LUCES<\/h2>\n\n\n\n<p><\/p>\n\n\n\n<div class=\"wp-block-group alignfull is-style-section-5 has-global-padding is-layout-constrained wp-block-group-is-layout-constrained is-style-section-5--1\" style=\"margin-top:0;margin-bottom:0;padding-top:var(--wp--preset--spacing--50);padding-bottom:var(--wp--preset--spacing--50)\">\n<div class=\"wp-block-columns alignwide is-layout-flex wp-container-core-columns-is-layout-7ee84d44 wp-block-columns-is-layout-flex\">\n<div class=\"wp-block-column is-vertically-aligned-center is-layout-flow wp-block-column-is-layout-flow\" style=\"flex-basis:50%\">\n<h2 class=\"wp-block-heading has-text-align-center\">Luz Fria<\/h2>\n\n\n\n<div class=\"wp-block-group is-nowrap is-layout-flex wp-container-core-group-is-layout-6c531013 wp-block-group-is-layout-flex\">\n<p class=\"has-medium-font-size\">La luz fr\u00eda aporta claridad, precisi\u00f3n y frescura a los espacios. Con tonos blancos o azulados, mejora la visibilidad y resalta los detalles con nitidez, creando ambientes m\u00e1s energizantes y funcionales. Es ideal para cocinas, oficinas, talleres o zonas de estudio, donde se busca concentraci\u00f3n, dinamismo y una sensaci\u00f3n de limpieza y orden.<\/p>\n<\/div>\n<\/div>\n\n\n\n<div class=\"wp-block-column is-vertically-aligned-center is-layout-flow wp-block-column-is-layout-flow\" style=\"flex-basis:50%\">\n<figure class=\"wp-block-image size-full\"><img loading=\"lazy\" decoding=\"async\" width=\"1200\" height=\"1500\" src=\"https:\/\/lolaclemente.fpcei.eu\/wp-content\/uploads\/2026\/02\/6375b4251b550e5ce6345cafa2a881a9.jpg\" alt=\"\" class=\"wp-image-268\" style=\"aspect-ratio:1;object-fit:cover\" srcset=\"https:\/\/lolaclemente.fpcei.eu\/wp-content\/uploads\/2026\/02\/6375b4251b550e5ce6345cafa2a881a9.jpg 1200w, https:\/\/lolaclemente.fpcei.eu\/wp-content\/uploads\/2026\/02\/6375b4251b550e5ce6345cafa2a881a9-240x300.jpg 240w, https:\/\/lolaclemente.fpcei.eu\/wp-content\/uploads\/2026\/02\/6375b4251b550e5ce6345cafa2a881a9-819x1024.jpg 819w, https:\/\/lolaclemente.fpcei.eu\/wp-content\/uploads\/2026\/02\/6375b4251b550e5ce6345cafa2a881a9-768x960.jpg 768w\" sizes=\"auto, (max-width: 1200px) 100vw, 1200px\" \/><\/figure>\n<\/div>\n<\/div>\n<\/div>\n\n\n\n<div class=\"wp-block-group alignfull is-style-section-1 has-global-padding is-layout-constrained wp-block-group-is-layout-constrained is-style-section-1--2\" style=\"margin-top:0;margin-bottom:0;padding-top:var(--wp--preset--spacing--60);padding-bottom:var(--wp--preset--spacing--60)\">\n<div class=\"wp-block-columns alignwide is-layout-flex wp-container-core-columns-is-layout-643ced6b wp-block-columns-is-layout-flex\">\n<div class=\"wp-block-column is-layout-flow wp-block-column-is-layout-flow\" style=\"flex-basis:40%\">\n<figure class=\"wp-block-image aligncenter size-large is-resized\"><img loading=\"lazy\" decoding=\"async\" width=\"683\" height=\"1024\" src=\"https:\/\/lolaclemente.fpcei.eu\/wp-content\/uploads\/2026\/02\/Decorative-and-Functional-Lighting-Quiet-Minimal-683x1024.jpg\" alt=\"\" class=\"wp-image-269\" style=\"aspect-ratio:0.6670068266591597;width:417px;height:auto\" srcset=\"https:\/\/lolaclemente.fpcei.eu\/wp-content\/uploads\/2026\/02\/Decorative-and-Functional-Lighting-Quiet-Minimal-683x1024.jpg 683w, https:\/\/lolaclemente.fpcei.eu\/wp-content\/uploads\/2026\/02\/Decorative-and-Functional-Lighting-Quiet-Minimal-200x300.jpg 200w, https:\/\/lolaclemente.fpcei.eu\/wp-content\/uploads\/2026\/02\/Decorative-and-Functional-Lighting-Quiet-Minimal.jpg 736w\" sizes=\"auto, (max-width: 683px) 100vw, 683px\" \/><\/figure>\n<\/div>\n\n\n\n<div class=\"wp-block-column is-vertically-aligned-center is-layout-flow wp-container-core-column-is-layout-119bc444 wp-block-column-is-layout-flow\" style=\"flex-basis:60%\">\n<h4 class=\"wp-block-heading has-xx-large-font-size\">Luz Neutra<\/h4>\n\n\n\n<p>La luz neutra se sit\u00faa entre la c\u00e1lida y la fr\u00eda, ofreciendo un equilibrio perfecto que no altera los colores ni genera sensaciones extremas. Con un tono blanco natural, permite percibir los espacios y los objetos tal como son, creando ambientes vers\u00e1tiles y funcionales. Es ideal para salas de estar, cocinas o \u00e1reas de trabajo donde se busca claridad y confort sin modificar la percepci\u00f3n de la decoraci\u00f3n.<\/p>\n<\/div>\n<\/div>\n<\/div>\n\n\n\n<div class=\"wp-block-group alignfull is-style-section-5 has-global-padding is-layout-constrained wp-block-group-is-layout-constrained is-style-section-5--3\" style=\"margin-top:0;margin-bottom:0;padding-top:var(--wp--preset--spacing--50);padding-bottom:var(--wp--preset--spacing--50)\">\n<div class=\"wp-block-columns alignwide is-layout-flex wp-container-core-columns-is-layout-7ee84d44 wp-block-columns-is-layout-flex\">\n<div class=\"wp-block-column is-vertically-aligned-center is-layout-flow wp-block-column-is-layout-flow\" style=\"flex-basis:50%\">\n<h2 class=\"wp-block-heading has-text-align-center\">Luz Calida<\/h2>\n\n\n\n<div class=\"wp-block-group is-nowrap is-layout-flex wp-container-core-group-is-layout-6c531013 wp-block-group-is-layout-flex\">\n<p class=\"has-medium-font-size\">La luz c\u00e1lida crea ambientes acogedores y relajantes, invitando a la comodidad y al descanso. Con tonos amarillos o anaranjados suaves, suaviza los espacios, resalta texturas y genera sensaci\u00f3n de intimidad. Es ideal para salones, dormitorios o rincones de lectura, donde se busca un efecto envolvente y confortable que haga sentir a las personas tranquilas y bienvenidas.<\/p>\n<\/div>\n<\/div>\n\n\n\n<div class=\"wp-block-column is-vertically-aligned-center is-layout-flow wp-block-column-is-layout-flow\" style=\"flex-basis:50%\">\n<figure class=\"wp-block-image size-full\"><img loading=\"lazy\" decoding=\"async\" width=\"608\" height=\"912\" src=\"https:\/\/lolaclemente.fpcei.eu\/wp-content\/uploads\/2026\/02\/descargar-50-1.jpg\" alt=\"\" class=\"wp-image-267\" style=\"aspect-ratio:1;object-fit:cover\" srcset=\"https:\/\/lolaclemente.fpcei.eu\/wp-content\/uploads\/2026\/02\/descargar-50-1.jpg 608w, https:\/\/lolaclemente.fpcei.eu\/wp-content\/uploads\/2026\/02\/descargar-50-1-200x300.jpg 200w\" sizes=\"auto, (max-width: 608px) 100vw, 608px\" \/><\/figure>\n<\/div>\n<\/div>\n<\/div>\n","protected":false},"excerpt":{"rendered":"<p>TIPOS DE LUCES Luz Fria La luz fr\u00eda aporta claridad, precisi\u00f3n y frescura a los espacios. Con tonos blancos o azulados, mejora la visibilidad y resalta los detalles con nitidez, creando ambientes m\u00e1s energizantes y funcionales. Es ideal para cocinas, oficinas, talleres o zonas de estudio, donde se busca concentraci\u00f3n, dinamismo y una sensaci\u00f3n de [&hellip;]<\/p>\n","protected":false},"author":2,"featured_media":0,"parent":0,"menu_order":0,"comment_status":"closed","ping_status":"closed","template":"","meta":{"footnotes":""},"class_list":["post-95","page","type-page","status-publish","hentry"],"_links":{"self":[{"href":"https:\/\/lolaclemente.fpcei.eu\/index.php?rest_route=\/wp\/v2\/pages\/95","targetHints":{"allow":["GET"]}}],"collection":[{"href":"https:\/\/lolaclemente.fpcei.eu\/index.php?rest_route=\/wp\/v2\/pages"}],"about":[{"href":"https:\/\/lolaclemente.fpcei.eu\/index.php?rest_route=\/wp\/v2\/types\/page"}],"author":[{"embeddable":true,"href":"https:\/\/lolaclemente.fpcei.eu\/index.php?rest_route=\/wp\/v2\/users\/2"}],"replies":[{"embeddable":true,"href":"https:\/\/lolaclemente.fpcei.eu\/index.php?rest_route=%2Fwp%2Fv2%2Fcomments&post=95"}],"version-history":[{"count":3,"href":"https:\/\/lolaclemente.fpcei.eu\/index.php?rest_route=\/wp\/v2\/pages\/95\/revisions"}],"predecessor-version":[{"id":455,"href":"https:\/\/lolaclemente.fpcei.eu\/index.php?rest_route=\/wp\/v2\/pages\/95\/revisions\/455"}],"wp:attachment":[{"href":"https:\/\/lolaclemente.fpcei.eu\/index.php?rest_route=%2Fwp%2Fv2%2Fmedia&parent=95"}],"curies":[{"name":"wp","href":"https:\/\/api.w.org\/{rel}","templated":true}]}}